 Calculate the remainder when 59 is divided by a.
11
Let v = 1 - -2. Let w(b) be the first derivative of 5*b**2/2 + 2*b - 1. Calculate the remainder when 50 is divided by w(v).
16
Suppose -20 = -3*o + 13. Suppose 4*w - o = -t, -t - t + 40 = 2*w. What is the remainder when t is divided by (12/15)/((-2)/(-15))?
5
Let f(d) = -d + 47. Calculate the remainder when f(34) is divided by 3.
1
Suppose 0 = -2*u + 3*x + 102, 2*x - 3*x = -u + 51. What is the remainder when u is divided by 13?
12
Suppose 5 = -5*q, -5*v + 2*q = -2*q - 64. Suppose -2*a = -v - 30. What is the remainder when 61 is divided by a?
19
Let s(a) = -9*a + 17. What is the remainder when s(-4) is divided by 18?
17
Suppose -4*t = t + 10. Let v = 5 - t. Let a(m) = m**3 + 19. What is the remainder when a(0) is divided by v?
5
Let o(l) = l**2 + 2*l + 3. Suppose 14 = 4*a - 2*a. What is the remainder when a is divided by o(-2)?
1
Let r(l) = 0 + 0 - 2 - l. Let n be r(-3). Suppose 0 = 4*m - n - 19. What is the remainder when m is divided by 3?
2
Suppose 5*x - 853 - 337 = 0. What is the remainder when x is divided by 40?
38
Let c(o) = 13*o**2 - 7*o + 13. Calculate the remainder when c(2) is divided by 13.
12
Suppose 3*o + 140 = 4*h, -144 = 4*h - 9*h - 4*o. Let l(b) = b - 4. Let m be l(5). What is the remainder when h is divided by 12 - (2 - 2) - m?
10
Suppose 25 = 4*o - 31. Suppose o - 36 = 2*f. Calculate the remainder when 31 is divided by f*(4 - 2)/(-2).
9
What is the remainder when 29 is divided by 74/4 + 4/(-8)?
11
Suppose 4*g - 35 = 117. Calculate the remainder when g is divided by 10.
8
Let x = 49 + -31. Suppose 4*k + k = 50. Calculate the remainder when x is divided by k.
8
Suppose -3*d + 5*l = -50, 3*l + l = -d + 28. Calculate the remainder when 37 is divided by d.
17
Let s(a) = -a**2 + 4*a + 28. What is the remainder when s(0) is divided by 6?
4
Suppose r = 4*r. Suppose -i + 22 + 6 = r. What is the remainder when i is divided by 10?
8
Suppose 4*a = 9*a - 30. Let w(j) be the second derivative of j**4/6 + j**3/6 - 5*j**2/2 - j. Calculate the remainder when w(-4) is divided by a.
5
Let x(g) = -g**3 + 9*g**2 + 11*g + 19. What is the remainder when 115 is divided by x(10)?
28
Suppose 14 = 5*v - 11. Suppose -3*a + 0*r - 17 = v*r, -3*a - 9 = 3*r. Calculate the remainder when a is divided by 1.
0
Suppose o + 2*o - 15 = 0. Calculate the remainder when 30 is divided by o.
0
Let m(s) = 0*s + 2 - 5 + 3*s + 10*s**2. Let q = -86 - -101. Calculate the remainder when m(2) is divided by q.
13
Suppose -u = v - 20 + 3, 48 = 4*u - v. Let r = 11 - 7. What is the remainder when u is divided by r/(-18) - (-94)/18?
3
Suppose 2*u + 0*u - 46 = 0. Calculate the remainder when 90 is divided by u.
21
Let c(q) = 29*q**2 + 6*q + 4. What is the remainder when c(-2) is divided by 11?
9
Suppose -z = -2*b + 86, b - 129 = -2*b + 4*z. Calculate the remainder when b is divided by 15.
13
Let q = -36 + 63. Suppose -70 = -2*o - 3*o. What is the remainder when q is divided by o?
13
Suppose 2*n - 29 = 49. What is the remainder when n is divided by 14?
11
Suppose 6*t - 155 = 3*t + 2*j, -5*j = -2*t + 118. What is the remainder when t is divided by 10?
9
Suppose w = -0*w + 13. Let z be -45 - (-5)/(8 + -3). Calculate the remainder when w is divided by 150/22 - 8/z.
6
Suppose -m + 0*m + 37 = 0. Let d = -20 + m. Suppose p - d = 2. What is the remainder when p is divided by 5?
4
What is the remainder when 51 is divided by -5*(-4 + 24/20)?
9
Let o = -2 - -9. What is the remainder when (2 - o)/((-3)/9) is divided by 4?
3
What is the remainder when 6/39 + (-3695)/(-65) is divided by 30?
27
Let h(d) = -d**2 + 7*d - 4. Let s be h(5). Let m = 4 + s. What is the remainder when 48 is divided by m?
8
Let o be 9 + -2 + 3/(-1). Suppose o*i = -0*i + 232. What is the remainder when i is divided by 15?
13
Suppose -7*v - 2*v = -54. What is the remainder when 15 is divided by v?
3
Suppose -2*z - 543 = -b, 0*z + b + 1095 = -4*z. Calculate the remainder when 50 is divided by (z/28)/((-3)/8).
24
Let k(p) = -p**3 + 5*p**2 + 9*p - 5. Suppose 3*a - 6*a + 159 = -4*o, 0 = -a + 2*o + 55. What is the remainder when a is divided by k(6)?
10
Let q(s) = -3*s. Let o be q(-2). Let i be 1/(-1) + o/(-2). Let c = 9 + i. Calculate the remainder when 14 is divided by c.
4
Suppose 0 = 5*z - 2*v - 71, -3*z + 0*v + 42 = -v. Calculate the remainder when 48 is divided by z.
9
Let v(c) = -c**3 - 7*c**2 + 4*c - 5. Let g be v(-8). Let s = g - -9. What is the remainder when s is divided by 10?
6
Suppose 0 = -5*p + 114 + 176. Calculate the remainder when p is divided by -3*2*(-20)/6.
18
Suppose 52 = -4*g + 188. What is the remainder when g is divided by (8 - 2)/((-1)/(-2))?
10
What is the remainder when 187/4 + 3 + 44/(-16) is divided by 16?
15
Let b = 79 - 50. What is the remainder when 57 is divided by b?
28
Suppose -3*l = -4*o - 13, -2*o + 64 = 3*l + 21. Let v = 17 - 18. Let b = l - v. Calculate the remainder when b is divided by 7.
5
Suppose 0 = v + 4*j - 76, 0 = v + 2*j + 43 - 109. Let s = v - 29. Calculate the remainder when s is divided by 15.
12
Let g(h) = 22*h**3 + h**2 + h - 1. Calculate the remainder when 43 is divided by g(1).
20
Suppose r - 312 = -4*d + 107, -r + 101 = d. Suppose 4*i - d = -3*m, -5*i + 4*m = 2*m - 144. What is the remainder when i is divided by 10?
8
Let v(z) = -3*z + 7*z + 0 + 1 + z**2 + 4*z. What is the remainder when v(-10) is divided by 11?
10
Suppose 309 + 111 = 4*a. Calculate the remainder when a is divided by 27.
24
Let n(t) = t + 38. Let r be n(-17). Let b = 29 - r. Let d(k) = 11*k + 1. What is the remainder when d(2) is divided by b?
7
Suppose 0 = 2*p + 4*u - 42, 3*u = 4*p - 51. Calculate the remainder when 28 is divided by p.
13
Let h be 1 - 20/((-4)/1). Suppose 4*r = -2 + h. Suppose 0 = -2*l + 2. What is the remainder when l is divided by r?
0
Let i = 6 + -6. Suppose i = y - 3. Suppose y*q + z = -7 + 47, -5*q + 3*z + 48 = 0. Calculate the remainder when 23 is divided by q.
11
Let s(p) = p**3 + 10*p**2 + p + 12. Let m be s(-10). Let i = 18 - m. Calculate the remainder when 29 is divided by i.
13
Suppose 0 = n - 0*n + 6. Let a(o) = -2*o + 2. What is the remainder when ((-26)/5)/((-2)/10) is divided by a(n)?
12
What is the remainder when 170 is divided by ((-1)/4*43)/((-2)/8)?
41
Calculate the remainder when 43 is divided by (-1 + -1)/(2/(-24)).
19
Let t = 93 + -79. Let f(b) = -b**3 - 4*b**2 + b + 7. What is the remainder when f(-5) is divided by t?
13
What is the remainder when 102 is divided by (-182)/(-4)*4/7?
24
Let a = 8 - -104. Let c = -59 + a. Calculate the remainder when c is divided by 14.
11
Suppose 0 = -13*f + 91. Calculate the remainder when 9 is divided by f.
2
Let h be 3*-2*2/(-4). Suppose 2*q = 4*p - 52, 5*p - 8*q + h*q = 60. What is the remainder when 40 is divided by p?
12
Suppose 0 = -5*k - 0*k + 375. What is the remainder when k is divided by 11?
9
Suppose 3*p - 20 = p. Calculate the remainder when 68 is divided by p.
8
Suppose 0*p = 3*p - 99. Calculate the remainder when 131 is divided by p.
32
Suppose 5*q = 3*p - 2 + 11, -2*p + 4*q - 8 = 0. Suppose -d + p*d = -2. Calculate the remainder when d*(-17 + (2 - 1)) is divided by 11.
10
Let o(r) = -r**3 - 5*r**2 - 5*r + 2. What is the remainder when 20 is divided by o(-4)?
2
Let u be 4/(-14) + (-2101)/(-77). Let p = -14 + u. What is the remainder when 24 is divided by p?
11
Suppose -3*d + 69 = -0*d + 2*g, g = 3*d - 78. Calculate the remainder when d is divided by 7.
4
Suppose -x - 4*x + 17 = 2*r, -5*r + 25 = -5*x. Suppose 3*v - r = 3. What is the remainder when 50 is divided by (2/v)/(4/102)?
16
Let h be 3 + 0 - (2 + 2). Let j(m) = 30*m. Let c be j(h). Let a = 49 + c. Calculate the remainder when 37 is divided by a.
18
Let a(z) = -1 + 17*z**3 + 2 + 67*z**3. Let c be a(1). Suppose -6*o = -o - c. Calculate the remainder when o is divided by 6.
5
Let c = -123 + 128. Let j = 0 - -13. Calculate the remainder when j is divided by c.
3
Let l(q) be the first derivative of 3 - 2*q - 7/2*q**2 + 2/3*q**3. What is the remainder when l(6) is divided by 10?
8
Let p = -14 + 65. What is the remainder when p is divided by 18?
15
Suppose -6*c + 5*c + 5 = 0. Suppose 13 = 3*t - c. What is the remainder when 17 is divided by t?
5
Let g = -11 - -18. What is the remainder when 20 is divided by g?
